 What are the prime factors of g?
17
Let o(w) = -w + 5. Let u be o(-7). Let k = -9 + u. Let m(b) = 4*b**2 - 5*b + 3. What are the prime factors of m(k)?
2, 3
Let a = 1201 + -615. List the prime factors of a.
2, 293
Let y(b) = -2*b - 1 + 0 + 0. Let u be (-4)/28 + 220/(-28). List the prime factors of y(u).
3, 5
Suppose -6*z - 3*w = -z - 24, -4*z + 32 = -4*w. Let h(b) = -1 + 7 - 10*b + 2*b**2 - 3. List the prime factors of h(z).
3, 5
Let k(d) = 2*d**2 - 2*d + 6. Let i be k(4). Suppose -4*m - 7222 - i = 0. What are the prime factors of m/(-63) - 4/(-18)?
29
Let i(u) = 2*u + 11. Let v be (28 - (-2 + -2)) + 0. Suppose v = -0*r + 4*r. List the prime factors of i(r).
3
Let a = -186 + 501. What are the prime factors of a?
3, 5, 7
Let k(c) = c**3 + 5*c**2 - 5*c + 7. Let z be 3/(-2)*(-8)/(-2). Let s be k(z). What are the prime factors of (21 - 7)*2/s?
2, 7
Suppose u - 134 = -3*l, 5*u + 0*u = 4*l - 185. What are the prime factors of l?
3, 5
Let k = 151 + 154. What are the prime factors of k?
5, 61
Suppose 0 = 4*p - 2*t - 2826 - 3848, 4*p + 3*t - 6669 = 0. What are the prime factors of p?
2, 3, 139
Let q be (((-3)/2)/((-10)/20))/1. List the prime factors of q + -1 - 0 - (-558)/6.
5, 19
Let q = 9 + -14. Let x = 26 - q. What are the prime factors of x?
31
Let q(z) = 2*z - 4*z - 4 + 5*z**2 - z - 4*z**2. Let o be q(6). Let b = 16 - o. What are the prime factors of b?
2
Let i(a) = a**2 - a - 4. Let t be i(3). Suppose -50 = -t*x - 10. List the prime factors of x.
2, 5
Let k(t) be the first derivative of -t**4/12 - 4*t**3/3 + 4*t**2 + t - 3. Let p(s) be the first derivative of k(s). List the prime factors of p(-7).
3, 5
Let h(g) = -106*g - 241. What are the prime factors of h(-12)?
1031
Suppose 3*c - 4*c = -5. Let u = c - 9. List the prime factors of 58/u*(-10 + 8).
29
Suppose 5*i + 2*j - 2720 = -3*j, -5*i + 4*j = -2702. What are the prime factors of i?
2, 271
List the prime factors of (-1 - (-54180)/16) + 2/(-8).
5, 677
Let q(x) = 105*x**2 - 7*x - 37. What are the prime factors of q(-6)?
5, 757
Let b(d) = -8*d**2 - d + 6. Let r(u) = -9*u**2 - u + 7. Let q(g) = 4*b(g) - 3*r(g). Let a be q(-2). Let m = 49 + a. List the prime factors of m.
2, 17
Suppose g - 8 = 2*r + 2, -3*r - 15 = 0. Suppose 4*l + 2*p - 240 = 0, -236 = -g*l - 4*l - 4*p. List the prime factors of l.
61
Suppose -6*b + 37 = 13. Let q be ((-6)/7 - 0)*-7. Suppose b*g - 30 + q = 0. List the prime factors of g.
2, 3
Let v(w) = 16*w. Let d be v(1). Let p = d + 59. List the prime factors of p.
3, 5
Let m = -14 + 14. Suppose m = 10*x - 5*x - 20. Suppose 4*z = x*d - 52, 5*z - 3 = -2*d + 9. List the prime factors of d.
11
Suppose o + 53 + 80 = 0. Let l = 92 + -169. Let p = l - o. What are the prime factors of p?
2, 7
Suppose -8*d - 274 = -7*d. Let u = -196 - d. Suppose c = -c + u. What are the prime factors of c?
3, 13
Let q = 55 + -59. List the prime factors of 2 - (-38)/12 - q/(-24).
5
Suppose -5*u + 10 = 5*h - 0*h, -5*h = 5. Suppose 0 = u*w - 8*w + 115. List the prime factors of w.
23
Let o be (-5 - -2) + 13/1. Suppose -3*y = -8*y + o. Suppose -y*j - 96 = -3*h, -5*h + 36 + 146 = 4*j. What are the prime factors of h?
2, 17
Suppose 16173 = 10*w + 4633. What are the prime factors of w?
2, 577
Let u be (72/30)/(0 - 6/(-20)). Let i(k) = 19*k + 34. What are the prime factors of i(u)?
2, 3, 31
Suppose -x + 1508 = j - 276, -4*j = 5*x - 7139. List the prime factors of j.
13, 137
What are the prime factors of 1406 + (-68)/4 + 9?
2, 3, 233
Let x = -19 + 15. Let s(t) = -3*t. What are the prime factors of s(x)?
2, 3
Suppose 2*b = -a + 13, 2*b - b + 4 = 0. List the prime factors of (-207)/(-12)*56/a.
2, 23
Suppose -4*u + 750 = -190. Suppose -x - u = -5*n, 2*n - 4*x - 88 = 24. What are the prime factors of n?
2, 23
Let a = 2 + 4. Let k(g) = 2*g**3 - 2*g - 43. Let i(h) = -h**3 + h + 21. Let u(r) = a*k(r) + 13*i(r). List the prime factors of u(0).
3, 5
Suppose -6 = -4*l + 10. Let j = l - -14. What are the prime factors of j?
2, 3
What are the prime factors of (-471)/(3/10*(-5)/2)?
2, 157
Suppose 0 = -19*m + 1184 + 1780. What are the prime factors of m?
2, 3, 13
Let z(g) be the first derivative of g + 8. Let p(m) = m - 55. Let r(v) = -p(v) + 2*z(v). List the prime factors of r(0).
3, 19
Let x be (2/(-4))/((-1)/26). Suppose x*n - 5*n = 1504. List the prime factors of n.
2, 47
Suppose 4*f + 14*z - 12*z - 5224 = 0, 0 = -2*f + 5*z + 2588. What are the prime factors of f?
2, 163
Let z = 205 + 1439. List the prime factors of z.
2, 3, 137
Let t = 501 - -629. List the prime factors of t.
2, 5, 113
Suppose 4*o = -4*m + 176, -2*m - 4*o = -0*o - 82. Suppose -2*g + m = -159. What are the prime factors of g?
103
Let l = 3055 + -1498. What are the prime factors of l?
3, 173
Let v(l) = 2 + 4*l - 1 - 2 + 2*l**3 - l**3 + 7*l**2. List the prime factors of v(-4).
31
Let b = -766 + 1132. What are the prime factors of b?
2, 3, 61
Suppose 8*w = 12 - 4. Let m be ((-8)/(-20))/w*25. Suppose 2*s - m + 4 = 2*q, -5*q = 4*s - 57. List the prime factors of s.
2
Let g = 13 + -9. List the prime factors of g/(-10) - (-921)/15.
61
Let j(l) = -7*l - 36. Let a(i) = i**2 - 16*i - 29. Let q be a(17). What are the prime factors of j(q)?
2, 3
Suppose 2*y - 5 = -y + 5*j, -2*j - 2 = 2*y. Suppose 0 = -y*f + 2*f - 10. Suppose -134 = z - f*z + 5*b, z + 4*b = 44. List the prime factors of z.
2, 3
Let k(d) = d**2 - 52. Let f(z) = 2*z - 8. Let i be f(4). Let v be k(i). Let r = -1 - v. List the prime factors of r.
3, 17
Suppose 4*t + 2*v - 150 = -t, -2*v = -3*t + 106. Let p = t - 25. List the prime factors of p.
7
Suppose f + 8*g - 3*g = 6, -5*f + 4*g = -30. What are the prime factors of 2*(177/f - -4)?
67
Let k(f) = -f - 4. Let h be k(-8). Let b(c) = 10 + h - 4*c + 0 + c. List the prime factors of b(-12).
2, 5
Let c(g) = -g**2 + 5*g. Let y be c(6). Let f be 10/(-30)*y/1. Suppose -f*b = d - 35, -d - 11 = -5*b - 67. What are the prime factors of d?
41
Let q(x) = 2*x**3 - 4*x**2 + 2*x. Let u be q(2). Let s(m) = 5 + 7 - 3 + m**2 + u*m - 9*m. List the prime factors of s(5).
3
Let g be (-147)/30 + 7/(-70). Let h(b) = -3*b**3 - 11*b**2 + 6*b + 3. List the prime factors of h(g).
73
Suppose 500*p + 8784 = 506*p. What are the prime factors of p?
2, 3, 61
Let v(g) = -112*g + 3. What are the prime factors of v(-2)?
227
Let f(g) = -5*g - 8. Let l(v) = -6*v - 8. Let o(s) = -5*f(s) + 4*l(s). Let b be o(-6). List the prime factors of 3*19/6*b.
19
Let p be (-2)/(-4)*0/((-3)/(-1)). List the prime factors of 524/4*(1 - p).
131
Suppose 34 = u + 4*z, -u - 3*z = -0*z - 29. Let d be 64/u - (-12)/(-21). Suppose -2*w - d*s + 68 = 2*w, -w + 16 = 2*s. List the prime factors of w.
2, 3
Let x = -31 - -53. Suppose x = -2*g + 138. List the prime factors of g.
2, 29
Let b(j) = 465*j**2 + 84*j + 259. List the prime factors of b(-3).
2, 131
List the prime factors of -5*(3162/(-30) - 3).
2, 271
Let p = 12010 + -8425. List the prime factors of p.
3, 5, 239
Let c be -6*(5 + (-44)/12). List the prime factors of (-709 - 6)*c/20.
2, 11, 13
Let k be ((-16)/(-3))/((-8)/(-36)). Suppose 0*t - 2*t - 4*n = -12, -3 = -3*t - 3*n. Let w = t + k. What are the prime factors of w?
2, 5
Let s(u) = 15*u**3 + 2*u - 1. Let t be s(1). Suppose t = b + 3*q - 74, 4*b - 3*q = 330. List the prime factors of b.
2, 3, 7
Suppose -4*b - 3*z + 31 = b, 0 = b - 4*z + 3. Suppose 0 = -b*c + 116 + 44. Suppose -3*u - u = -c. What are the prime factors of u?
2
Suppose 5*a - 5*j - 22 = 8, -2*a = -j - 10. Suppose -4*w + 70 = p, w = -a*w + p + 92. Let o = w + 20. List the prime factors of o.
2, 19
Let j(r) = -11*r**3 - 9*r**2 + 8*r - 8. What are the prime factors of j(-4)?
2, 5, 13
Let d(w) = -2*w**2 - w - 9*w - 5 - 2. Let n be d(-9). Let m = n + 120. List the prime factors of m.
41
Let q(o) = 34*o**2 + 12*o + 35. What are the prime factors of q(-5)?
3, 5, 11
Suppose -6*a + 11*a = 265. Let n = a + -50. List the prime factors of n.
3
Let u = -7 - -7. Let q be u/(-2 + 16/4). Let t = q + 20. What are the prime factors of t?
2, 5
Suppose j - 3*w - 17 - 3 = 0, j = -w. List the prime factors of (j/(-2))/((-10)/8) - -265.
3, 89
Let y(c) = -2*c + 29. Let b be y(13). What are the prime factors of ((-2 + b)*-3)/((-54)/2232)?
2, 31
Let i(j) = -14*j + 40. Let a(v) = -9*v**3 - 2*v + 3. Let u be a(1). List the prime factors of i(u).
2, 19
List the prime f